6?
12
In base 12, what is -a2 - -8?
-96
In base 3, what is 1 - 1222022?
-1222021
In base 2, what is 110100110 - 10?
110100100
In base 3, what is 20 - 210?
-120
In base 7, what is 460 + -43?
414
In base 9, what is 7003 + -3?
7000
In base 2, what is 10000101011 - -10?
10000101101
In base 16, what is -9 - 0?
-9
In base 8, what is 5531 - 3?
5526
In base 3, what is 2120 + 101?
2221
In base 11, what is 3 + -872?
-86a
In base 4, what is 11 - -101122?
101133
In base 7, what is 5 - -2344?
2352
In base 14, what is -3 + -68?
-6b
In base 4, what is -1003030 + -10?
-1003100
In base 9, what is -55 + -68?
-134
In base 12, what is -123 - -5?
-11a
In base 7, what is -5 + -5063?
-5101
In base 10, what is 2 - 27?
-25
In base 6, what is -204 + -104?
-312
In base 6, what is -24 - 105?
-133
In base 16, what is -3 - -2a?
27
In base 4, what is -10 - 10233?
-10303
In base 2, what is 10111010 - 1?
10111001
In base 9, what is 2 + 15?
17
In base 12, what is 16 - 11?
5
In base 10, what is 4610 - -3?
4613
In base 9, what is -425 - -1?
-424
In base 3, what is -1110 - 10?
-1120
In base 16, what is -15 - -a5?
90
In base 8, what is -3 - 1117?
-1122
In base 2, what is -110010101111 + 1?
-110010101110
In base 9, what is 1804 - 5?
1788
In base 7, what is 43 - 220?
-144
In base 2, what is -110111 - 111?
-111110
In base 5, what is 43 - 4?
34
In base 9, what is -4 - -8?
4
In base 12, what is 1 - 43?
-42
In base 14, what is -4 + -41?
-45
In base 9, what is -5 + 310?
304
In base 15, what is -7 - -1a?
13
In base 10, what is -83 + 4?
-79
In base 2, what is 10 - 101110110?
-101110100
In base 5, what is 44 + 31?
130
In base 16, what is -5b8f - 1?
-5b90
In base 9, what is 2 + 50?
52
In base 3, what is 10 - -220?
1000
In base 6, what is 5 + -1451?
-1442
In base 5, what is 30 - -100?
130
In base 3, what is 2021 - -20?
2111
In base 16, what is -8 + 394?
38c
In base 4, what is -3 + -1021102?
-1021111
In base 6, what is 3 - -101?
104
In base 11, what is 660 - -4?
664
In base 13, what is 2 - -15?
17
In base 6, what is 3 + -22?
-15
In base 5, what is 32 - 330?
-243
In base 13, what is 8 - -a3?
ab
In base 7, what is 3036 - -2?
3041
In base 5, what is -31 + 442?
411
In base 6, what is 13052 - 3?
13045
In base 10, what is 565 - 11?
554
In base 3, what is -220 + 212012?
211022
In base 10, what is 338 + 0?
338
In base 7, what is -5 + 2224?
2216
In base 4, what is -2 - -331?
323
In base 7, what is 6620 - 5?
6612
In base 14, what is -4 - d?
-13
In base 14, what is 75 - -3?
78
In base 16, what is 2 - 24?
-22
In base 7, what is 15 - 4?
11
In base 16, what is 4 - -29?
2d
In base 5, what is 2 - -1323?
1330
In base 2, what is 10001101 - 101?
10001000
In base 10, what is -5 + -332?
-337
In base 12, what is 15 + -5?
10
In base 10, what is -246 - -1?
-245
In base 15, what is 16 - -7c?
93
In base 2, what is -11 - -111001110100?
111001110001
In base 16, what is -11 + 68?
57
In base 14, what is 0 - 13?
-13
In base 9, what is 5 + 6?
12
In base 5, what is -431 + 11?
-420
In base 11, what is 10 + 49?
59
In base 6, what is 2 + 135?
141
In base 9, what is -1 + 8?
7
In base 6, what is -4511 + -1?
-4512
In base 8, what is -1 - 752?
-753
In base 16, what is 170 + 1a?
18a
In base 3, what is 21211 + 1?
21212
In base 15, what is a3 - 2?
a1
In base 16, what is c + d?
19
In base 11, what is 1 + 3482?
3483
In base 2, what is 11111001 - 0?
11111001
In base 2, what is 101111100 - -11?
101111111
In base 4, what is -31 + 132?
101
In base 13, what is -6b04 + 0?
-6b04
In base 2, what is 101 - 11000?
-10011
In base 5, what is 14430 + 1?
14431
In base 8, what is 3172 - -3?
3175
In base 2, what is -1010 - 11000?
-100010
In base 4, what is -132 - -131?
-1
In base 9, what is 3716 - 5?
3711
In base 15, what is 65 + 2?
67
In base 10, what is -2528 - 1?
-2529
In base 11, what is 25 + 0?
25
In base 4, what is 321 + -13?
302
In base 13, what is 5 + -1a7?
-1a2
In base 16, what is 8 - 4d7?
-4cf
In base 10, what is 174 + 0?
174
In base 8, what is -23 - 70?
-113
In base 10, what is 501 - 4?
497
In base 13, what is 376 + 0?
376
In base 12, what is -69 + 6?
-63
In base 14, what is 3 + c6?
c9
In base 11, what is 18 - -450?
468
In base 9, what is 6 - 5010?
-5003
In base 15, what is 1 + 42e?
430
In base 11, what is 4a8 + 3?
500
In base 10, what is 51 - -76?
127
In base 11, what is 5 + -2020?
-2016
In base 4, what is 123 - -3101?
3230
In base 12, what is 2b + 3?
32
In base 9, what is -2785 + 5?
-2780
In base 5, what is 3013 - -1?
3014
In base 12, what is 86 - -1b2?
278
In base 6, what is -405 + -1105?
-1514
In base 6, what is 323 + 43?
410
In base 8, what is 7 - -10?
17
In base 11, what is -5 + 898?
893
In base 13, what is 234 - 4?
230
In base 6, what is -4 + -21?
-25
In base 3, what is 10210 + 1011?
11221
In base 9, what is -5 + 12?
6
In base 2, what is -1111001 + -10?
-1111011
In base 9, what is 221 - 5?
215
In base 14, what is -1 + 12?
11
In base 6, what is 1 + 115?
120
In base 12, what is -1a + -b0?
-10a
In base 13, what is 4573 + -4?
456c
In base 13, what is 4 + 11?
15
In base 12, what is 2 + 239?
23b
In base 10, what is 3 - -29?
32
In base 14, what is -3 + 8a?
87
In base 4, what is -33 + -23?
-122
In base 11, what is 74a - 1?
749
In base 2, what is -1011101 + -110111111?
-1000011100
In base 16, what is -1a4f - 5?
-1a54
In base 4, what is 1320 + 23?
2003
In base 9, what is 4 + 375?
380
In base 16, what is -1 + 621?
620
In base 10, what is 2 - -45?
47
In base 12, what is 333 - -4?
337
In base 13, what is 3 - 4cc?
-4c9
In base 11, what is 116 - 5?
111
In base 2, what is -10 - -1001110100001?
1001110011111
In base 2, what is -10000011000 + -100?
-10000011100
In base 11, what is -57 - 38?
-94
In base 12, what is 32 + 2?
34
In base 6, what is -13 + -10?
-23
In base 16, what is 1e + -26?
-8
In base 3, what is 100 - -1212222?
1220022
In base 14, what is -12c + 17?
-115
In base 3, what is 12 + -2122?
-2110
In base 5, what is -3202 + 10?
-3142
In base 9, what is -22 + 0?
-22
In base 16, what is -3 - 16?
-19
In base 5, what is 13023 - 4?
13014
In base 16, what is 1 + -5?
-4
In base 9, what is 36 - -56?
103
In base 16, what is -8 + 0?
-8
In base 2, what is -1101000011 - 1?
-1101000100
In base 7, what is -140 - -32?
-105
In base 13, what is b - -57?
65
In base 16, what is -f - d5?
-e4
In base 11, what is 2 - -912?
914
In base 14, what is 0 - 19d?
-19d
In base 8, what is -27 + -53?
-102
In base 10, what is 79 + 4?
83
In base 9, what is 105 + 2?
107
In base 14, what is -19b - 0?
-19b
In base 7, what is -123 - -4?
-116
In base 4, what is -10 - 121?
-131
In base 6, what is 4 + 115?
123
In base 14, what is -3 - 2b61?
-2b64
In base 7, what is -10556 + 5?
-10551
In base 10, what is -283 - -4?
-279
In base 7, what is -35 - 26?
-64
In base 14, what is -303 + 1?
-302
In base 16, what is -5 - -159?
154
In base 5, what is -44123 + 4?
-44114
In base 6, what is -15 + 1341?
1322
In base 10, what is 99 + 5?
104
In base 6, what is -2443 - -12?
-2431
In base 8, what is 6 + -160?
-152
In base 15, what is -2 - -1?
-1
In base 15, what is cd2 - -3?
cd5
In base 15, what is -3d3 - 3?
-3d6
In base 15, what is 32 - 1a?
17
In base 5, what is -114 - -1?
-113
In base 7, what is -4 - -32?
25
In base 2, what is -101 - 111100?
-1000001
In base 14, what is -228c - 5?
-2293
In base 12, what is -4 - 780?
-784
In base 5, what is 11 + -1422?
-1411
In base 5, what is -424 + 0?
-424
In base 5, what is 303 - 0?
303
In base 6, what is -50021 - -1?
-50020
In base 2, what is -11100 - 10010?
-101110
In base 7, what is -1 + -24361?
-24362
In base 5, what is -14233 + 1?
-14232
In base 8, what is 21722 - -2?
21724
In base 3, what is -12 - 22012?
-22101
In base 9, what is 123 - -3?
126
In base 10, what is 10 - -326?
336
In base 13, what is 45 - 5?
40
In base 4, what is 100 - 100?
0
In base 7, what is 2225 + 10?
2235
In base 15, what is -129 + 1?
-128
In base 8, what is -6 + 5?
-1
In base 4, what is -3 + -1102003?
-1102012
In base 11, what is -7a - 25?
-a4
In base 6, what is 1505 + -4?
1501
In base 5, what is -112112 + -10?
-112122
In base 9, what is 4 + -1188?
-1184
In base 10, what is 14 + -15?
-1
In base 9, what is -104 - -325?
221
In base 6, what is 0 + 43202?
43202
In base 9, what is 0 + 588?
588
In base 8, what is -267 - 5?
-274
In base 12, what is 4 - 1ba?
-1b6
In base 10, what is 5 + 19?
24
In b